5*v - 20. List the prime factors of 117 - (v + 0 + -3).
2, 3, 5
Let u(x) = x**3 + 2*x**2 + 10*x - 12. Let z be u(6). Suppose -3*q + 11*q - z = 0. List the prime factors of q.
2, 3, 7
Suppose -3*j - 143 = -14*j. Suppose -229 = -4*g - j. Let y = g - 31. What are the prime factors of y?
23
Let d(p) = 4*p**2 - 5*p - 18. Suppose 25 + 30 = 5*h. What are the prime factors of d(h)?
3, 137
Suppose -109*p + 42318 + 1315713 = 0. List the prime factors of p.
3, 4153
Let t(y) = 18*y**2 + 26*y - 152. List the prime factors of t(-14).
2, 3, 251
Let o(n) be the first derivative of -n**4/4 + 4*n**3 - 6*n**2 + 5*n - 2. Let p be o(11). What are the prime factors of ((-177)/p)/((-3)/(-6))?
59
Let k be (0 - -4) + -12 + 34. Suppose -2*o + 4*o - z = 22, 3*o = -2*z + k. List the prime factors of 78/5 + o/25.
2
Let q(d) = 104*d - 13. List the prime factors of q(31).
13, 19
Let f be 3/(-9)*0 + 2984 + 4. Suppose -11*g = -4492 - f. List the prime factors of g.
2, 5, 17
Let p(a) be the second derivative of 119*a**3/6 + 19*a**2 + a + 55. List the prime factors of p(5).
3, 211
Let t = -5846 + 9503. Suppose 0 = -12*b - 45 + t. What are the prime factors of b?
7, 43
Let i be ((-65)/91)/(2/(-14)). Let w(r) = -2*r + 14. What are the prime factors of w(i)?
2
Let i = 47 - 111. Let j be (-8)/(-36) - i/36. Let s(n) = 7*n + 11. What are the prime factors of s(j)?
5
Let s(y) = 11*y**2 - 2*y - 1. Suppose 3*k - 27 = 2*q - 5, -4*q - 20 = 0. Suppose 4*g - 2 = -2*o, 0*o = 5*g + o - k. List the prime factors of s(g).
2
Suppose 0 = z + 2*t - 3219, -3*z - 9*t = -6*z + 9672. List the prime factors of z.
3221
Suppose -7*m = -g + 80646 - 9220, 2*m = 3*g - 214278. What are the prime factors of g?
2, 71, 503
Let i(d) = -11*d + 7. Let a be i(2). Let k be ((-790)/a)/(2/36). Suppose 4*l = -l - 5, -5*s = -3*l - k. List the prime factors of s.
3, 7
Let j(f) be the second derivative of f**3/6 + 17*f**2 + 2*f. Suppose 4*k = 5*w - 27, -3*w - 2*k + 8 = -17. What are the prime factors of j(w)?
41
Let h(x) = 26*x + 314. Let a be h(-12). Suppose 4*j - 1618 = -q, a*q - 159 - 3032 = j. List the prime factors of q.
2, 17, 47
Let v = -3818 + 1186. Let y = -1370 - v. List the prime factors of y.
2, 631
Let y(r) = 5*r**2 - 8*r + 10. Let v be y(4). Suppose j = -j + 54. Let i = v - j. List the prime factors of i.
31
What are the prime factors of -1 + 5 + 0 - (-3521 - 24)?
3, 7, 13
Suppose -95*f = -429607 + 23102. What are the prime factors of f?
11, 389
Let y(h) = -3113*h + 8619. What are the prime factors of y(-9)?
2, 3, 43, 71
Let b(h) = -3*h + 12. Let s be b(4). Let z be s + 3 + 8 + -5. Let o = z - -6. What are the prime factors of o?
2, 3
Let v(s) be the second derivative of -3*s**3/2 + 35*s**2 + 50*s. List the prime factors of v(-12).
2, 89
Let w = 23161 + -16304. What are the prime factors of w?
6857
Let x(v) = 2*v - 3*v + 5*v**3 - 5*v**3 - v**3. Let w(s) = -5*s**3 + 12*s**2 + 11*s - 17. Let g(p) = w(p) - 4*x(p). What are the prime factors of g(13)?
3
What are the prime factors of (3/1)/(3/2296)?
2, 7, 41
List the prime factors of (-51220)/(-15) + 10 + 290/(-30).
5, 683
Let d be 6/9*(-42)/(-28). What are the prime factors of d*(8 + -2) - -1253?
1259
List the prime factors of (-121)/(-2)*94/517 - -3829.
2, 3, 5
Let n = -12976 - -13376. List the prime factors of n.
2, 5
Let p = -8 - -12. Suppose -d + p*j = 3*d, -2*j = 4. Let m(k) = -49*k - 10. List the prime factors of m(d).
2, 11
List the prime factors of (20/810*9)/(4/7461)*10.
5, 829
Let w be (-28752)/15 - 8/(-10). Let z = w - -2816. Suppose -5*h + z = -5*i, 2*h + 0*h - 4*i = 362. What are the prime factors of h?
179
Let i(z) = 8*z**3 - 5*z + 4. Let p be i(1). Let r be 9/(-21) + (-312)/p. Let q = r + 101. What are the prime factors of q?
2, 7
Let x = 67509 - 33253. What are the prime factors of x?
2, 2141
Let k be (496/(-8) + -3)*-9. Let o = k + 91. List the prime factors of o.
2, 13
Let m(g) = g**3 - 3*g**2 - 4*g - 2. Let v be m(4). Let n be 3/v + 825/22. List the prime factors of 6/n*-4*(-48 - 0).
2
Suppose 0 = -2*q + 7*q - 25. Let f = -1862 + 1862. Suppose -v + q*v - 440 = f. List the prime factors of v.
2, 5, 11
What are the prime factors of 10 + -9578*12/(-24)?
4799
Suppose -4*z - 312816 = -5*d - 29394, 56679 = d + z. List the prime factors of d.
2, 3, 47, 67
Let k(l) = -l**3 + 9*l**2 + l - 8. Let y(o) be the third derivative of -o**5/20 + 3*o**4/4 + 7*o**3/6 - 7*o**2. Let j be y(6). List the prime factors of k(j).
97
Suppose -2*h + 19 = -4*u - 29, 28 = 3*h + 5*u. List the prime factors of (2 + 27*4)/(h/120).
3, 5, 11
Suppose -4*j = 4*i - 26740 - 7728, -5*i - 4*j + 43088 = 0. What are the prime factors of i?
2, 5, 431
Suppose 15*d - 561845 + 169970 = 0. List the prime factors of d.
5, 11, 19
Suppose -72 = 37*t - t. List the prime factors of (-20020)/26*(t/4)/1.
5, 7, 11
Suppose -80 = -9*h - 8. Suppose -5*t = r - 25, -4*r + h - 4 = -4*t. Suppose -2*g - 4*p = -4*g + 88, g + r*p - 44 = 0. What are the prime factors of g?
2, 11
Suppose 100*x - 2812856 + 40086 = -156170. List the prime factors of x.
2, 3, 7, 89
Suppose 14 = -2*x, -7*s - 3*x - 32833 = -8*s. List the prime factors of s.
2, 13, 631
Suppose 2 = -k, 4*b - 4*k - 5 = 5*b. Suppose -3*c - b*z - 3 = 0, -5*c + 2*z - 9 = 3. List the prime factors of 258/2 - 2 - c.
3, 43
What are the prime factors of (5 + -4)/(-7 - -2) + 40713/15?
2, 23, 59
Suppose -r + 4*r = 18. Suppose -7*u = -r*u - 3. Suppose 4*n = -u*d + 554, -n + 5*n - 3*d - 566 = 0. List the prime factors of n.
2, 5, 7
Suppose -3*o + 15 = -3*p - 9, -5*o + 3*p + 34 = 0. Suppose 288 + 1332 = o*g. What are the prime factors of g?
2, 3
Suppose -9*t - 17*t = -t - 456600. What are the prime factors of t?
2, 3, 761
Suppose -30744 = -14*c + 60942. List the prime factors of c.
3, 37, 59
Let g(h) = -h**2 - 8*h - 7. Let t be g(-2). Suppose t*i - 2*f - 6114 = f, -4*i = f - 4898. What are the prime factors of i?
2, 3, 17
Let q = -66421 - -116630. List the prime factors of q.
23, 37, 59
Let l = -553 - -825. Let f = l + -60. List the prime factors of f.
2, 53
Let h = -239 + 251. List the prime factors of ((-2745)/(-135))/(2/h).
2, 61
Let u(p) = 2*p**2 - 83*p + 1144. What are the prime factors of u(53)?
17, 139
Let o = 574 - 585. Suppose 2*q = -q - 3*l + 225, -q - 2*l = -75. Let m = o + q. What are the prime factors of m?
2
Suppose -p = 4*k - 26356, -2*p - 131890 = -7*p + 2*k. List the prime factors of p.
2, 3, 7, 157
Suppose -12*d - 8194 = -29*d. Suppose -6*f = -d - 766. What are the prime factors of f?
2, 13
Let l(n) = 1842*n**2 + 3*n - 31. What are the prime factors of l(3)?
2, 4139
Let z(f) = 219*f**2 + 58*f + 241. What are the prime factors of z(-5)?
2, 2713
List the prime factors of 4/(-7)*(-4 - 370040/16).
2, 3, 2203
What are the prime factors of (5447/2)/((-3 - 15)/(-36))?
13, 419
Let t(s) = 9280*s**2 - 37*s + 19. What are the prime factors of t(2)?
3, 5, 7, 353
Let r = -4050 + 5767. What are the prime factors of r?
17, 101
Suppose 5*y = -9 - 31, 7*f = 2*y + 196968. List the prime factors of f.
2, 3517
Let j(t) = -12*t**3 - 2*t**2 + 5*t + 65. What are the prime factors of j(-8)?
7, 863
List the prime factors of (-10)/35 - 116976/(-168).
2, 3, 29
Let c(i) = -17*i**2 + 33*i - 16. Let r(t) = t**3 - t**2 + t. Let y(x) = -c(x) + 5*r(x). What are the prime factors of y(5)?
3, 89
Let s(g) = g**2 - 3*g - 33. Let f be s(8). What are the prime factors of ((-310)/f)/(0 + (-10)/70)?
2, 5, 31
Suppose -17*c + 36 = -5*c. Let w(s) = s**3 + 2*s**2 + 3*s - 5. What are the prime factors of w(c)?
7
Let a be 3/12*-29 - 1/(-4). Let g be (-260)/(-1) + 11 + a. Suppose -4*m + u + 220 = 0, 4*u = m + 4*m - g. What are the prime factors of m?
2, 7
Let y = 76531 - 44329. What are the prime factors of y?
2, 3, 1789
What are the prime factors of ((-5880)/(-96))/((-1)/(-20))?
5, 7
Let u be ((-60)/27)/(-5)*(-36)/(-8). What are the prime factors of u/10*5*331?
331
Let i(n) = -n**2 + 7*n + 8. Let l be i(8). Suppose 624 = 6*q - l*q. Suppose -152 = -4*f + q. What are the prime factors of f?
2
Suppose -51*x + 6831 = -42*x. Suppose -q = -l - 2*l + 1158, -x = -2*l + 5*q. What are the prime factors of l?
3, 43
Let p be 0 + ((-4)/(-6))/(1/(-9)). Let v be (1 - (-6 - -10))/(p/10). Suppose v*n = 3*w - 0*n - 122, 5*w = -5*n + 190. What are the prime factors of w?
3, 13
Let s be (-8)/36 - (1 + (-16